{"id":13,"date":"2025-09-21T18:08:00","date_gmt":"2025-09-21T18:08:00","guid":{"rendered":"https:\/\/reconnegos.com\/?page_id=13"},"modified":"2026-03-30T02:10:04","modified_gmt":"2026-03-30T02:10:04","slug":"instalacao-de-softwares","status":"publish","type":"page","link":"https:\/\/www.reconnegos.com\/index.php\/instalacao-de-softwares\/","title":{"rendered":"ERP SAP"},"content":{"rendered":"\n<p class=\"wp-block-paragraph\">ERP SAP<\/p>\n\n\n\n<p class=\"wp-block-paragraph\">Ministramos cursos no ERP Primavera e fazemos tamb\u00e9m a instala\u00e7\u00e3o do software.<\/p>\n\n\n\n<figure class=\"wp-block-image size-full\"><img loading=\"lazy\" decoding=\"async\" width=\"940\" height=\"494\" src=\"https:\/\/www.reconnegos.com\/wp-content\/uploads\/2026\/03\/image-2.png\" alt=\"\" class=\"wp-image-120\" srcset=\"https:\/\/www.reconnegos.com\/wp-content\/uploads\/2026\/03\/image-2.png 940w, https:\/\/www.reconnegos.com\/wp-content\/uploads\/2026\/03\/image-2-300x158.png 300w, https:\/\/www.reconnegos.com\/wp-content\/uploads\/2026\/03\/image-2-767x403.png 767w\" sizes=\"auto, (max-width: 940px) 100vw, 940px\" \/><\/figure>\n\n\n\n<p class=\"wp-block-paragraph\">\u25aa\ufe0fOs principais m\u00f3dulos<br>\u2022Contabilidade Financeira (FI)<br>\u2022Gest\u00e3o da Cadeia de Abastecimento Financeiro (FSCM)<br>\u2022Controle (CO)<br>\u2022Gest\u00e3o de Materiais (MM)<br>\u2022Vendas e Distribui\u00e7\u00e3o (SD)<br>\u2022Execu\u00e7\u00e3o Log\u00edstica (LE)<br>\u2022Planejamento de Produ\u00e7\u00e3o (PP)<br>\u2022Gest\u00e3o da Qualidade (GQ)<br>\u2022Manuten\u00e7\u00e3o de Planta (PM)<br>\u2022Sistema de Projeto (PS)<br>\u2022Gest\u00e3o de Capital Humano (HCM)<br>\u2022Gest\u00e3o de Relacionamento com Fornecedores (SRM)<br>\u2022Gest\u00e3o de Ativos Fixos (AM)<br>\u2022Armazenagem Empresarial (BW)<br>\u2022Gest\u00e3o de Armaz\u00e9ns<\/p>\n\n\n\n<p class=\"wp-block-paragraph\"><\/p>\n","protected":false},"excerpt":{"rendered":"<p>ERP SAP Ministramos cursos no ERP Primavera e fazemos tamb\u00e9m a instala\u00e7\u00e3o do software. \u25aa\ufe0fOs principais m\u00f3dulos\u2022Contabilidade Financeira (FI)\u2022Gest\u00e3o da Cadeia de Abastecimento Financeiro (FSCM)\u2022Controle&hellip;<\/p>\n","protected":false},"author":1,"featured_media":0,"parent":0,"menu_order":0,"comment_status":"closed","ping_status":"closed","template":"","meta":{"_crdt_document":"","footnotes":""},"class_list":["post-13","page","type-page","status-publish","hentry"],"jetpack_sharing_enabled":true,"jetpack_likes_enabled":true,"_links":{"self":[{"href":"https:\/\/www.reconnegos.com\/index.php\/wp-json\/wp\/v2\/pages\/13","targetHints":{"allow":["GET"]}}],"collection":[{"href":"https:\/\/www.reconnegos.com\/index.php\/wp-json\/wp\/v2\/pages"}],"about":[{"href":"https:\/\/www.reconnegos.com\/index.php\/wp-json\/wp\/v2\/types\/page"}],"author":[{"embeddable":true,"href":"https:\/\/www.reconnegos.com\/index.php\/wp-json\/wp\/v2\/users\/1"}],"replies":[{"embeddable":true,"href":"https:\/\/www.reconnegos.com\/index.php\/wp-json\/wp\/v2\/comments?post=13"}],"version-history":[{"count":2,"href":"https:\/\/www.reconnegos.com\/index.php\/wp-json\/wp\/v2\/pages\/13\/revisions"}],"predecessor-version":[{"id":122,"href":"https:\/\/www.reconnegos.com\/index.php\/wp-json\/wp\/v2\/pages\/13\/revisions\/122"}],"wp:attachment":[{"href":"https:\/\/www.reconnegos.com\/index.php\/wp-json\/wp\/v2\/media?parent=13"}],"curies":[{"name":"wp","href":"https:\/\/api.w.org\/{rel}","templated":true}]}}